{"id":177,"date":"2018-05-31T18:56:43","date_gmt":"2018-05-31T18:56:43","guid":{"rendered":"http:\/\/prp.cepymearagon.es\/?page_id=177"},"modified":"2018-06-07T12:24:56","modified_gmt":"2018-06-07T12:24:56","slug":"herramientas-de-diagnostico-e-intervencion","status":"publish","type":"page","link":"https:\/\/prp.cepymearagon.es\/index.php\/herramientas-de-diagnostico-e-intervencion\/","title":{"rendered":"HERRAMIENTAS DE DIAGN\u00d3STICO E INTERVENCI\u00d3N:"},"content":{"rendered":"<p><span style=\"color: #333333;\">La evaluaci\u00f3n de riesgos psicosociales pondr\u00e1 al descubierto las situaciones nocivas para la salud sobre las que habr\u00e1 que desarrollar medidas preventivas para la eliminaci\u00f3n o reducci\u00f3n de los riesgos (intervenci\u00f3n correctiva). Tambi\u00e9n permite conocer aquellas condiciones de trabajo m\u00e1s o menos saludables que se deber\u00e1n mejorar y potenciar (intervenci\u00f3n preventiva).<\/span><\/p>\n<p><span style=\"color: #333333;\">Mediante la Intervenci\u00f3n psicosocial podemos disminuir o eliminar la exposici\u00f3n al riesgo psicosocial, actuando tanto sobre las condiciones de trabajo, como sobre el individuo o la interacci\u00f3n entre ambos. Ahora bien, tanto la identificaci\u00f3n como la evaluaci\u00f3n de los riesgos forman parte del proceso que conduce a la aplicaci\u00f3n de medidas preventivas; sin embargo, no constituyen por s\u00ed mismas una intervenci\u00f3n psicosocial si no van acompa\u00f1adas de la definici\u00f3n, planificaci\u00f3n, aplicaci\u00f3n y seguimiento de acciones preventivas concretas.<\/span><\/p>\n<p><span style=\"color: #333333;\"><strong>Una adecuada Intervenci\u00f3n Psicosocial comprender\u00e1:<\/strong><\/span><\/p>\n<p><span style=\"color: #333333;\"><strong>FASE 1:<\/strong> Una buena evaluaci\u00f3n de riesgos como punto de partida; elegir el m\u00e9todo de evaluaci\u00f3n que mejor se adapte a las condiciones y caracter\u00edsticas de la situaci\u00f3n particular a la que nos enfrentamos.<\/span><\/p>\n<p><span style=\"color: #333333;\"><strong>FASE 2:<\/strong> Elaboraci\u00f3n y puesta en marcha de programas de intervenci\u00f3n psicosocial;<\/span><\/p>\n<ol>\n<li><span style=\"color: #333333;\">Sobre la organizaci\u00f3n del trabajo, el puesto y la tarea: \u00e1reas prioritarias con actuaciones dirigidas a combatir los riesgos en su origen.<\/span><\/li>\n<li><span style=\"color: #333333;\">Sobre los trabajadores o las trabajadoras: en segundo lugar de priorizaci\u00f3n.<\/span><\/li>\n<\/ol>\n<p><span style=\"color: #333333;\"><strong>Las intervenciones, a modo de ejemplo, pueden abordar las siguientes \u00e1reas:<\/strong><\/span><\/p>\n<ul>\n<li><span style=\"color: #333333;\">Intervenciones sobre el contenido de las tareas: rotaci\u00f3n de puestos, ampliaci\u00f3n y enriquecimiento de tareas, redise\u00f1o de puestos, adecua\u00adci\u00f3n de la carga de trabajo, divisi\u00f3n de tareas, etc.<\/span><\/li>\n<li><span style=\"color: #333333;\">Intervenciones sobre la organizaci\u00f3n del trabajo: trabajo en equipo, modificaci\u00f3n de ritmos de trabajo, redise\u00f1o de estructuras, actuaciones sobre el tiempo de trabajo (trabajo a turnos, trabajo nocturno, horario de trabajo\u2026), definici\u00f3n de competencias, mejora de los sistemas de tra\u00adbajo, ajuste persona-puesto, gesti\u00f3n de los cambios, etc.<\/span><\/li>\n<li><span style=\"color: #333333;\">Intervenci\u00f3n sobre las personas y las relaciones sociales: formaci\u00f3n en competencias (para el trabajo en equipo, liderazgo participativo, gesti\u00f3n de usuarios conflictivos, etc.), programas de gesti\u00f3n individual del estr\u00e9s (gesti\u00f3n del tiempo, t\u00e9cnicas de relajaci\u00f3n, etc), protocolos de actuaci\u00f3n frente al acoso, servicios de counselling, campa\u00f1as de promo\u00adci\u00f3n de la salud, etc.<\/span><\/li>\n<\/ul>\n<p><img decoding=\"async\" class=\"alignnone size-medium wp-image-203 aligncenter\" src=\"https:\/\/prp.cepymearagon.es\/wp-content\/uploads\/SEPARADOR.png\" width=\"600\" \/><\/p>\n<p><span style=\"color: #808080;\"><strong><p class=\"collapseomatic \" id=\"id9881\"  tabindex=\"0\" title=\"Enlaces sobre intervenci\u00f3n de riesgos psicosociales\"    >Enlaces sobre intervenci\u00f3n de riesgos psicosociales<\/p><div id=\"target-id9881\" class=\"collapseomatic_content \"><\/strong><\/span><\/p>\n<table align=\"center\">\n<tbody>\n<tr>\n<td bgcolor=\"#ffffff\"><span style=\"color: #808080;\"><a style=\"color: #808080;\" href=\"http:\/\/www.insht.es\/portal\/site\/RiesgosPsicosociales\/menuitem.9edd36b2409535e681828b5c180311a0\/?vgnextoid=28f2f6ffdcd29410VgnVCM1000008130110aRCRD&amp;vgnextchannel=72fc84fbb7819410VgnVCM1000008130110aRCRD\"><strong>NTP&#8217;s<\/strong><\/a><\/span><\/p>\n<ul>\n<li><span style=\"color: #808080;\"><a style=\"color: #808080;\" href=\"http:\/\/www.insht.es\/InshtWeb\/Contenidos\/Documentacion\/FichasTecnicas\/NTP\/Ficheros\/856a890\/860w.pdf\">NTP 860: Intervenci\u00f3n psicosocial: Gu\u00eda del INRS para agentes de prevenci\u00f3n<\/a><\/span><\/li>\n<li><span style=\"color: #808080;\"><a style=\"color: #808080;\" href=\"http:\/\/www.insht.es\/InshtWeb\/Contenidos\/Documentacion\/FichasTecnicas\/NTP\/Ficheros\/856a890\/856w.pdf\">NTP 856 Desarrollo de competencias y riesgos psicosociales (I)<\/a><\/span><\/li>\n<li><span style=\"color: #808080;\"><a style=\"color: #808080;\" href=\"http:\/\/www.insht.es\/InshtWeb\/Contenidos\/Documentacion\/FichasTecnicas\/NTP\/Ficheros\/856a890\/857%20w.pdf\">NTP 857: Desarrollo de competencias y riesgos psicosociales (II). Ejemplo de aplicaci\u00f3n en la docencia<\/a><\/span><\/li>\n<li><span style=\"color: #808080;\"><a style=\"color: #808080;\" href=\"http:\/\/www.insht.es\/InshtWeb\/Contenidos\/Documentacion\/FichasTecnicas\/NTP\/Ficheros\/751a785\/780%20.pdf\">NTP 780: El programa de ayuda al empleado (EAP): intervenci\u00f3n individual en la prevenci\u00f3n de riesgos psicosociales<\/a><\/span><\/li>\n<li><span style=\"color: #808080;\"><a style=\"color: #808080;\" href=\"http:\/\/www.insht.es\/InshtWeb\/Contenidos\/Documentacion\/FichasTecnicas\/NTP\/Ficheros\/501a600\/ntp_581.pdf\">NTP 581 Gesti\u00f3n del cambio organizativo<\/a><\/span><\/li>\n<li><span style=\"color: #808080;\"><a style=\"color: #808080;\" href=\"http:\/\/www.insht.es\/InshtWeb\/Contenidos\/Documentacion\/FichasTecnicas\/NTP\/Ficheros\/401a500\/ntp_491.pdf\">NTP 491 Actitudes y habilidades de los mandos frente al cambio<\/a><\/span><\/li>\n<li><span style=\"color: #808080;\"><a style=\"color: #808080;\" href=\"http:\/\/www.insht.es\/InshtWeb\/Contenidos\/Documentacion\/FichasTecnicas\/NTP\/Ficheros\/401a500\/ntp_444.pdf\">NTP 444: Mejora del contenido del trabajo: rotaci\u00f3n, ampliaci\u00f3n y enriquecimiento de tareas<\/a><\/span><\/li>\n<li><span style=\"color: #808080;\"><a style=\"color: #808080;\" href=\"http:\/\/www.insht.es\/InshtWeb\/Contenidos\/Documentacion\/FichasTecnicas\/NTP\/Ficheros\/401a500\/ntp_438.pdf\">NTP 438 Prevenci\u00f3n del estr\u00e9s: intervenci\u00f3n sobre la organizaci\u00f3n<\/a><\/span><\/li>\n<li><span style=\"color: #808080;\"><a style=\"color: #808080;\" href=\"http:\/\/www.insht.es\/InshtWeb\/Contenidos\/Documentacion\/FichasTecnicas\/NTP\/Ficheros\/401a500\/ntp_419.pdf\">NTP 419: Condiciones de trabajo y c\u00edrculos de calidad<\/a><\/span><\/li>\n<li><span style=\"color: #808080;\"><a style=\"color: #808080;\" href=\"http:\/\/www.insht.es\/InshtWeb\/Contenidos\/Documentacion\/FichasTecnicas\/NTP\/Ficheros\/301a400\/ntp_349.pdf\">NTP 349 Prevenci\u00f3n del estr\u00e9s: intervenci\u00f3n sobre el individuo<\/a><\/span><\/li>\n<li><span style=\"color: #808080;\"><a style=\"color: #808080;\" href=\"http:\/\/www.insht.es\/InshtWeb\/Contenidos\/Documentacion\/FichasTecnicas\/NTP\/Ficheros\/101a200\/ntp_183.pdf\">NTP 183: El trabajo con grupos semi-aut\u00f3nomos<\/a><\/span><\/li>\n<li><span style=\"color: #808080;\"><a style=\"color: #808080;\" href=\"http:\/\/www.insht.es\/InshtWeb\/Contenidos\/Documentacion\/NTP\/NTP\/Ficheros\/926a937\/ntp-944%20w.pdf\">NTP 944 Intervenci\u00f3n psicosocial en prevenci\u00f3n de riesgos laborales: principios comunes (I)<\/a><\/span><\/li>\n<li><span style=\"color: #808080;\"><a style=\"color: #808080;\" href=\"http:\/\/www.insht.es\/InshtWeb\/Contenidos\/Documentacion\/NTP\/NTP\/Ficheros\/926a937\/ntp-945%20w.pdf\">NTP 945 Intervenci\u00f3n psicosocial en prevenci\u00f3n de riesgos laborales: principios comunes (II)<\/a><\/span><\/li>\n<li><span style=\"color: #808080;\"><a style=\"color: #808080;\" href=\"http:\/\/www.insht.es\/InshtWeb\/Contenidos\/Documentacion\/FichasTecnicas\/NTP\/Ficheros\/856a890\/860w.pdf\">NTP 860: Intervenci\u00f3n psicosocial: Gu\u00eda del INRS para agentes de prevenci\u00f3n<\/a><\/span><\/li>\n<li><span style=\"color: #808080;\"><a style=\"color: #808080;\" href=\"http:\/\/www.insht.es\/InshtWeb\/Contenidos\/Documentacion\/FichasTecnicas\/NTP\/Ficheros\/401a500\/ntp_416.pdf\">NTP 416: Actitudes frente al cambio en trabajadores de edad avanzada<\/a><\/span><\/li>\n<li><span style=\"color: #808080;\"><a style=\"color: #808080;\" href=\"http:\/\/www.insht.es\/InshtWeb\/Contenidos\/Documentacion\/FichasTecnicas\/NTP\/Ficheros\/401a500\/ntp_492.pdf\">NTP 492: Cambios de actitud en la prevenci\u00f3n de riesgos laborales (I): m\u00e9todos y clasificaci\u00f3n<\/a><\/span><\/li>\n<li><span style=\"color: #808080;\"><a style=\"color: #808080;\" href=\"http:\/\/www.insht.es\/InshtWeb\/Contenidos\/Documentacion\/FichasTecnicas\/NTP\/Ficheros\/401a500\/ntp_493.pdf\">NTP 493: Cambios de actitud en la prevenci\u00f3n de riesgos laborales (II): gu\u00eda de intervenci\u00f3n<\/a><\/span><\/li>\n<\/ul>\n<p><span style=\"text-decoration: underline; color: #808080;\"><a style=\"color: #808080; text-decoration: underline;\" href=\"http:\/\/www.insht.es\/portal\/site\/RiesgosPsicosociales\/menuitem.9edd36b2409535e681828b5c180311a0\/?vgnextoid=3e329096a6d29410VgnVCM1000008130110aRCRD&amp;vgnextchannel=993c84fbb7819410VgnVCM1000008130110aRCRD\"><strong>Manuales, Gu\u00edas<\/strong><\/a><strong> y Publicaciones <\/strong><\/span><\/p>\n<ul>\n<li><span style=\"color: #808080;\"><a style=\"color: #808080;\" href=\"http:\/\/www.insht.es\/InshtWeb\/Contenidos\/Documentacion\/PUBLICACIONES%20PROFESIONALES\/factores%20riesgos%20psico.pdf\">Factores y riesgos psicosociales, formas, consecuencias, medidas y buenas pr\u00e1cticas (INSSBT)<\/a><\/span><\/li>\n<li><span style=\"color: #808080;\"><a style=\"color: #808080;\" href=\"http:\/\/www.insht.es\/InshtWeb\/Contenidos\/Instituto\/Noticias\/Noticias_INSHT\/2009\/ficheros\/Libro%20ExperienciasCD.pdf\">Experiencias en Intervenci\u00f3n Psicosocial. M\u00e1s all\u00e1 de la Evaluaci\u00f3n de Riesgos. INSSBT<\/a><\/span><\/li>\n<li><span style=\"color: #808080;\"><a style=\"color: #808080;\" href=\"http:\/\/www.osalan.euskadi.eus\/contenidos\/libro\/medicina_201320\/es_saludmen\/adjuntos\/salud_mental_trabajadores.pdf\">La salud mental de las trabajadoras y los trabajadores (Observatorio vasco de acoso moral)<\/a><\/span><\/li>\n<li><span style=\"color: #808080;\"><a style=\"color: #808080;\" href=\"https:\/\/osha.europa.eu\/es\/tools-and-publications\/publications\/reports\/309\">C\u00f3mo abordar los problemas psicosociales y reducir el estr\u00e9s relacionado con el trabajo. (AGE) <\/a><\/span><\/li>\n<li><span style=\"color: #808080;\"><a style=\"color: #808080;\" href=\"http:\/\/www.larioja.org\/larioja-client\/cm\/relaciones-laborales\/images?idMmedia=647117\">Ficha informativa n\u00ba 3: Actuaci\u00f3n e intervenci\u00f3n en el \u00e1mbito psicosocial (IRSAL)<\/a><\/span><\/li>\n<\/ul>\n<\/td>\n<\/tr>\n<\/tbody>\n<\/table>\n<\/div>\n","protected":false},"excerpt":{"rendered":"<p>La evaluaci\u00f3n de riesgos psicosociales pondr\u00e1 al descubierto las situaciones nocivas para la salud sobre las que habr\u00e1 que desarrollar medidas preventivas para la eliminaci\u00f3n o reducci\u00f3n de los riesgos (intervenci\u00f3n correctiva). Tambi\u00e9n permite conocer aquellas condiciones de trabajo m\u00e1s o menos saludables que se deber\u00e1n mejorar y potenciar (intervenci\u00f3n preventiva). Mediante la Intervenci\u00f3n psicosocial &hellip; <a href=\"https:\/\/prp.cepymearagon.es\/index.php\/herramientas-de-diagnostico-e-intervencion\/\" class=\"more-link\">Sigue leyendo <span class=\"screen-reader-text\">HERRAMIENTAS DE DIAGN\u00d3STICO E INTERVENCI\u00d3N:<\/span><\/a><\/p>\n","protected":false},"author":1,"featured_media":0,"parent":0,"menu_order":0,"comment_status":"closed","ping_status":"closed","template":"templates\/full-width-page.php","meta":{"jetpack_post_was_ever_published":false,"footnotes":""},"class_list":["post-177","page","type-page","status-publish","hentry"],"jetpack_sharing_enabled":true,"jetpack_shortlink":"https:\/\/wp.me\/P7VpP2-2R","_links":{"self":[{"href":"https:\/\/prp.cepymearagon.es\/index.php\/wp-json\/wp\/v2\/pages\/177","targetHints":{"allow":["GET"]}}],"collection":[{"href":"https:\/\/prp.cepymearagon.es\/index.php\/wp-json\/wp\/v2\/pages"}],"about":[{"href":"https:\/\/prp.cepymearagon.es\/index.php\/wp-json\/wp\/v2\/types\/page"}],"author":[{"embeddable":true,"href":"https:\/\/prp.cepymearagon.es\/index.php\/wp-json\/wp\/v2\/users\/1"}],"replies":[{"embeddable":true,"href":"https:\/\/prp.cepymearagon.es\/index.php\/wp-json\/wp\/v2\/comments?post=177"}],"version-history":[{"count":7,"href":"https:\/\/prp.cepymearagon.es\/index.php\/wp-json\/wp\/v2\/pages\/177\/revisions"}],"predecessor-version":[{"id":325,"href":"https:\/\/prp.cepymearagon.es\/index.php\/wp-json\/wp\/v2\/pages\/177\/revisions\/325"}],"wp:attachment":[{"href":"https:\/\/prp.cepymearagon.es\/index.php\/wp-json\/wp\/v2\/media?parent=177"}],"curies":[{"name":"wp","href":"https:\/\/api.w.org\/{rel}","templated":true}]}}